ate the greatest common divisor of 210 and 64995.
105
What is the greatest common divisor of 24 and 1322502?
6
Calculate the greatest common divisor of 270 and 150105.
15
What is the greatest common divisor of 4532 and 73336?
412
Calculate the highest common divisor of 15 and 2193045.
15
Calculate the greatest common divisor of 76 and 739366.
38
What is the highest common divisor of 14191 and 161?
23
What is the greatest common divisor of 63 and 164409?
21
Calculate the greatest common factor of 10356 and 32.
4
What is the greatest common divisor of 7040 and 2728?
88
What is the greatest common divisor of 26 and 110318?
26
What is the highest common divisor of 114192 and 9672?
312
Calculate the greatest common factor of 351 and 108729.
27
Calculate the highest common divisor of 3381 and 2967.
69
Calculate the highest common divisor of 12972 and 94.
94
Calculate the highest common factor of 2818 and 38.
2
Calculate the highest common factor of 163713 and 17061.
363
What is the highest common divisor of 237510 and 180?
90
What is the highest common divisor of 11740 and 3?
1
What is the greatest common factor of 1482 and 3978?
78
What is the highest common divisor of 2 and 8111?
1
What is the greatest common divisor of 1752 and 159651?
219
What is the highest common factor of 969 and 25023?
57
What is the highest common divisor of 134 and 1142?
2
What is the highest common factor of 62254 and 1904?
34
Calculate the greatest common factor of 7145099 and 13.
13
What is the highest common divisor of 80 and 139232?
16
Calculate the highest common factor of 2824 and 58951.
353
Calculate the highest common divisor of 158608 and 46.
46
Calculate the greatest common factor of 70452 and 43569.
927
What is the greatest common divisor of 55393 and 13?
13
What is the greatest common divisor of 65 and 2731560?
65
Calculate the highest common divisor of 89347 and 423.
47
What is the highest common divisor of 59701 and 227?
227
Calculate the greatest common factor of 5278 and 9100.
182
Calculate the highest common divisor of 219680 and 4640.
160
What is the greatest common factor of 30 and 3033170?
10
What is the greatest common divisor of 228 and 16029?
3
Calculate the greatest common divisor of 4972 and 21696.
452
What is the greatest common factor of 59 and 57997?
59
Calculate the highest common factor of 7123 and 25559.
419
Calculate the greatest common divisor of 470463 and 21.
21
What is the greatest common factor of 308786 and 1086?
362
Calculate the greatest common factor of 99654 and 714.
102
Calculate the highest common factor of 5357 and 120776.
487
What is the greatest common divisor of 23 and 412827?
23
What is the greatest common factor of 10043 and 17347?
913
Calculate the greatest common divisor of 180735 and 15.
15
What is the greatest common factor of 64 and 90932?
4
Calculate the greatest common divisor of 177446 and 85.
17
Calculate the greatest common divisor of 234 and 18702.
18
Calculate the greatest common divisor of 5508 and 5712.
204
Calculate the greatest common factor of 120 and 794460.
60
Calculate the highest common divisor of 613497 and 888.
111
What is the greatest common factor of 527 and 16?
1
What is the highest common divisor of 43431 and 10788?
93
What is the greatest common factor of 1562 and 1728353?
781
What is the greatest common divisor of 18490 and 310?
10
Calculate the highest common divisor of 2493 and 7362.
9
What is the greatest common factor of 81909 and 114?
57
Calculate the highest common divisor of 27 and 15453.
9
What is the highest common factor of 21312 and 1404?
36
Calculate the greatest common factor of 34 and 95798.
2
What is the greatest common factor of 8956720 and 5?
5
What is the highest common factor of 416295 and 1827?
261
Calculate the greatest common factor of 29306 and 4.
2
Calculate the greatest common divisor of 261352 and 112.
56
Calculate the greatest common factor of 938 and 18.
2
Calculate the greatest common factor of 9 and 366507.
9
What is the highest common factor of 3021 and 74271?
57
Calculate the highest common divisor of 3726 and 131031.
621
Calculate the greatest common factor of 57 and 75031.
19
What is the greatest common divisor of 179758 and 6358?
578
What is the highest common factor of 127797 and 615?
123
Calculate the greatest common divisor of 3048 and 3846.
6
What is the highest common factor of 375720 and 24?
24
Calculate the greatest common divisor of 34507 and 187.
11
What is the greatest common factor of 406 and 572228?
58
What is the highest common factor of 17 and 14351910?
17
What is the highest common factor of 123 and 918?
3
What is the greatest common factor of 195234 and 312?
78
Calculate the greatest common divisor of 90 and 6759.
9
What is the highest common factor of 13518 and 534?
6
What is the highest common divisor of 4312 and 11564?
196
What is the greatest common factor of 165139 and 65?
13
Calculate the greatest common divisor of 602 and 432838.
602
Calculate the highest common factor of 38322 and 108.
18
What is the greatest common factor of 364 and 3460002?
182
Calculate the greatest common divisor of 81875 and 89375.
625
What is the highest common factor of 4665 and 510?
15
What is the highest common factor of 435 and 420819?
87
What is the greatest common divisor of 6454110 and 78?
78
Calculate the greatest common factor of 2632 and 114633.
47
What is the greatest common divisor of 4744 and 1728?
8
Calculate the greatest common divisor of 30 and 29270.
10
What is the greatest common divisor of 21942 and 1449?
207
What is the highest common factor of 5148 and 528814?
286
What is the highest common factor of 36 and 139220?
4
What is the highest common factor of 49232 and 16864?
272
Calculate the highest common divisor of 8556 and 2599.
23
What is the highest common factor of 14030 and 598?
46
Calculate the highest common factor of 91285 and 65.
5
What is the highest common divisor of 22 and 60408?
2
Calculate the greatest common divisor of 30 and 277095.
15
Calculate the greatest common divisor of 6 and 7606.
2
Calculate the greatest common factor of 1025 and 50.
25
Calculate the greatest common divisor of 357 and 9051.
21
Calculate the highest common divisor of 1832 and 2260.
4
Calculate the greatest common factor of 87 and 201.
3
What is the greatest common factor of 10875 and 200?
25
Calculate the greatest common factor of 1027 and 1092.
13
Calculate the highest common factor of 384 and 203520.
384
Calculate the greatest common factor of 28577 and 4488.
17
What is the greatest common factor of 747748 and 7074?
262
What is the highest common divisor of 21887 and 172?
43
Calculate the greatest common factor of 163889 and 517.
517
What is the greatest common factor of 42952 and 42224?
728
What is the highest common divisor of 28 and 1757?
7
Calculate the greatest common factor of 652 and 617444.
652
Calculate the highest common factor of 29990 and 4590.
10
Calculate the highest common factor of 10621 and 89661.
247
What is the greatest common factor of 60057 and 45?
9
Calculate the highest common factor of 396 and 107316.
396
Calculate the highest common factor of 1290900 and 250.
50
Calculate the greatest common divisor of 2461 and 5129.
23
Calculate the greatest common divisor of 4 and 809.
1
What is the highest common divisor of 33292 and 435?
29
Calculate the highest common divisor of 3810 and 3429.
381
Calculate the greatest common factor of 18214 and 35.
7
What is the greatest common factor of 1580 and 237?
79
What is the greatest common divisor of 14299145 and 1393?
1393
Calculate the highest common divisor of 1695 and 59.
1
What is the greatest common divisor of 2584 and 6536?
152
Calculate the highest common factor of 125620 and 55.
55
What is the highest common factor of 1350 and 414270?
90
What is the highest common factor of 603 and 45359?
67
Calculate the highest common factor of 137508 and 3486.
42
Calculate the greatest common factor of 11866 and 510.
34
What is the greatest common factor of 1410 and 34404?
282
What is the greatest common factor of 8583 and 96?
3
What is the highest common factor of 12848 and 88?
88
What is the greatest common divisor of 4671 and 380427?
519
Calculate the highest common divisor of 3790 and 2960.
10